{"id":6216,"date":"2018-11-15T19:25:35","date_gmt":"2018-11-15T19:25:35","guid":{"rendered":"https:\/\/brannovardshus.se\/wp-content\/uploads\/2018\/11\/Affisch-Branno-Yrkesamatorerna2.jpg"},"modified":"2018-12-23T14:30:28","modified_gmt":"2018-12-23T14:30:28","slug":"affisch-branno-yrkesamatorerna2-2","status":"inherit","type":"attachment","link":"https:\/\/brannovardshus.se\/en\/oppettider\/affisch-branno-yrkesamatorerna2-2\/","title":{"rendered":"Affisch Br\u00e4nn\u00f6 Yrkesamat\u00f6rerna2"},"author":2,"comment_status":"open","ping_status":"closed","template":"","meta":[],"description":{"rendered":"<p class=\"attachment\"><a href='https:\/\/brannovardshus.se\/wp-content\/uploads\/2018\/11\/Affisch-Branno-Yrkesamatorerna2.jpg'><img width=\"286\" height=\"300\" src=\"https:\/\/brannovardshus.se\/wp-content\/uploads\/2018\/11\/Affisch-Branno-Yrkesamatorerna2-286x300.jpg\" class=\"attachment-medium size-medium\" alt=\"\" loading=\"lazy\" srcset=\"https:\/\/brannovardshus.se\/wp-content\/uploads\/2018\/11\/Affisch-Branno-Yrkesamatorerna2-286x300.jpg 286w, https:\/\/brannovardshus.se\/wp-content\/uploads\/2018\/11\/Affisch-Branno-Yrkesamatorerna2-768x804.jpg 768w, https:\/\/brannovardshus.se\/wp-content\/uploads\/2018\/11\/Affisch-Branno-Yrkesamatorerna2-978x1024.jpg 978w, https:\/\/brannovardshus.se\/wp-content\/uploads\/2018\/11\/Affisch-Branno-Yrkesamatorerna2-30x30.jpg 30w, https:\/\/brannovardshus.se\/wp-content\/uploads\/2018\/11\/Affisch-Branno-Yrkesamatorerna2.jpg 1496w\" sizes=\"(max-width: 286px) 100vw, 286px\" \/><\/a><\/p>\n"},"caption":{"rendered":""},"alt_text":"","media_type":"image","mime_type":"image\/jpeg","media_details":{"width":1496,"height":1567,"file":"2018\/11\/Affisch-Branno-Yrkesamatorerna2.jpg","sizes":{"thumbnail":{"file":"Affisch-Branno-Yrkesamatorerna2-150x150.jpg","width":150,"height":150,"mime_type":"image\/jpeg","source_url":"https:\/\/brannovardshus.se\/wp-content\/uploads\/2018\/11\/Affisch-Branno-Yrkesamatorerna2-150x150.jpg"},"medium":{"file":"Affisch-Branno-Yrkesamatorerna2-286x300.jpg","width":286,"height":300,"mime_type":"image\/jpeg","source_url":"https:\/\/brannovardshus.se\/wp-content\/uploads\/2018\/11\/Affisch-Branno-Yrkesamatorerna2-286x300.jpg"},"medium_large":{"file":"Affisch-Branno-Yrkesamatorerna2-768x804.jpg","width":768,"height":804,"mime_type":"image\/jpeg","source_url":"https:\/\/brannovardshus.se\/wp-content\/uploads\/2018\/11\/Affisch-Branno-Yrkesamatorerna2-768x804.jpg"},"large":{"file":"Affisch-Branno-Yrkesamatorerna2-978x1024.jpg","width":978,"height":1024,"mime_type":"image\/jpeg","source_url":"https:\/\/brannovardshus.se\/wp-content\/uploads\/2018\/11\/Affisch-Branno-Yrkesamatorerna2-978x1024.jpg"},"tiny-lazy":{"file":"Affisch-Branno-Yrkesamatorerna2-30x30.jpg","width":30,"height":30,"mime_type":"image\/jpeg","source_url":"https:\/\/brannovardshus.se\/wp-content\/uploads\/2018\/11\/Affisch-Branno-Yrkesamatorerna2-30x30.jpg"},"startpage-thumb":{"file":"Affisch-Branno-Yrkesamatorerna2-290x290.jpg","width":290,"height":290,"mime_type":"image\/jpeg","source_url":"https:\/\/brannovardshus.se\/wp-content\/uploads\/2018\/11\/Affisch-Branno-Yrkesamatorerna2-290x290.jpg"},"startpage-news-thumb":{"file":"Affisch-Branno-Yrkesamatorerna2-292x198.jpg","width":292,"height":198,"mime_type":"image\/jpeg","source_url":"https:\/\/brannovardshus.se\/wp-content\/uploads\/2018\/11\/Affisch-Branno-Yrkesamatorerna2-292x198.jpg"},"news-thumb":{"file":"Affisch-Branno-Yrkesamatorerna2-340x230.jpg","width":340,"height":230,"mime_type":"image\/jpeg","source_url":"https:\/\/brannovardshus.se\/wp-content\/uploads\/2018\/11\/Affisch-Branno-Yrkesamatorerna2-340x230.jpg"},"full":{"file":"Affisch-Branno-Yrkesamatorerna2.jpg","width":1496,"height":1567,"mime_type":"image\/jpeg","source_url":"https:\/\/brannovardshus.se\/wp-content\/uploads\/2018\/11\/Affisch-Branno-Yrkesamatorerna2.jpg"}},"image_meta":{"aperture":"0","credit":"Hanna Bendz","camera":"","caption":"","created_timestamp":"0","copyright":"","focal_length":"0","iso":"0","shutter_speed":"0","title":"","orientation":"1","keywords":[]}},"post":1521,"source_url":"https:\/\/brannovardshus.se\/wp-content\/uploads\/2018\/11\/Affisch-Branno-Yrkesamatorerna2.jpg","_links":{"self":[{"href":"https:\/\/brannovardshus.se\/en\/wp-json\/wp\/v2\/media\/6216"}],"collection":[{"href":"https:\/\/brannovardshus.se\/en\/wp-json\/wp\/v2\/media"}],"about":[{"href":"https:\/\/brannovardshus.se\/en\/wp-json\/wp\/v2\/types\/attachment"}],"author":[{"embeddable":true,"href":"https:\/\/brannovardshus.se\/en\/wp-json\/wp\/v2\/users\/2"}],"replies":[{"embeddable":true,"href":"https:\/\/brannovardshus.se\/en\/wp-json\/wp\/v2\/comments?post=6216"}]}}

Affisch Brännö Yrkesamatörerna2
